
Let r(o) = -238*o + 74985. Give r(315).
15
Let t(y) = -y**2 + 671*y + 82543. Calculate t(-106).
181
Let k(d) = d**3 + 108*d**2 + 242*d - 7747. What is k(-105)?
-82
Let g(f) = -1148*f - 5113. Calculate g(-4).
-521
Let a(n) = 2960*n + 23587. Determine a(-8).
-93
Let i(x) = 40*x**2 - 2588*x + 2560. Determine i(1).
12
Let l(j) = 2*j**3 - 61*j**2 - 163*j + 178. Determine l(33).
244
Let r(q) = 12909*q - 942492. Determine r(73).
-135
Let h(c) = 2*c**3 - 383*c**2 - 998*c + 5320. Give h(194).
-112
Let i(z) = -3090*z + 92736. What is i(30)?
36
Let l(y) = 1030*y**2 - 41218*y + 719. What is l(40)?
-1
Let u(n) = 10*n**2 + 20*n + 88. Calculate u(-2).
88
Let a(v) = 28*v**2 - 2180*v + 26418. What is a(15)?
18
Let z(o) = -o**2 - 7403*o + 1984462. Determine z(259).
4
Let u(t) = -17*t**3 + 15*t**2 - 83*t - 47. What is u(5)?
-2212
Let v(n) = 9127*n**2 - 18228*n - 3. Calculate v(2).
49
Let i(o) = -o**3 + 32*o**2 + 443*o - 14140. What is i(32)?
36
Let i(w) = -22*w**3 - 7*w**2 + 10*w - 83. Give i(5).
-2958
Let a(u) = -u**3 - 306*u**2 - 2645*u + 4744. What is a(-297)?
-3572
Let o(y) = -499*y**2 - 12954*y + 467. Determine o(-26).
-53
Let k(d) = 31923*d + 351162. Determine k(-11).
9
Let o(b) = 19244*b + 1443351. Give o(-75).
51
Let k(z) = 5*z**2 - 122*z - 3697. Determine k(42).
-1
Let w(o) = -1428*o + 41476. Give w(29).
64
Let m(v) = 19*v**2 + 1669*v - 11633. Calculate m(7).
981
Let v(l) = -461*l + 22128. What is v(48)?
0
Let b(w) = 4*w**3 + 44*w**2 + 36*w - 7. What is b(-10)?
33
Let x(i) = 3*i**3 + 81*i**2 + 538*i + 165. What is x(-16)?
5
Let w(m) = -m**2 + 898*m - 8022. Give w(9).
-21
Let h(g) = g**3 + 226*g**2 + 795*g + 28110. What is h(-223)?
12
Let j(g) = -g**3 - 537*g**2 - 7822*g + 4153. Calculate j(-522).
-23
Let h(b) = -2*b**2 + 46*b + 1285. Determine h(-17).
-75
Let u(k) = 348*k + 6540. What is u(-19)?
-72
Let k(m) = m**3 - 58*m**2 - 207*m + 1143. Calculate k(61).
-321
Let r(x) = -x**3 - 148*x**2 + 228*x - 16065. Give r(-150).
-5265
Let b(u) = -14*u**2 - 289*u - 24. Calculate b(-21).
-129
Let m(a) = -10484*a - 136321. Calculate m(-13).
-29
Let v(g) = 17*g**2 - 135*g - 569. Determine v(11).
3
Let d(v) = -6*v**2 + 4297*v - 21417. Calculate d(5).
-82
Let s(b) = -b**3 - 957*b**2 + 3984*b - 560. Determine s(4).
0
Let h(l) = 3479*l - 111374. What is h(32)?
-46
Let t(g) = g**3 - 234*g**2 + 1121*g - 46253. Determine t(230).
-23
Let m(c) = -20*c**2 + 364*c - 1000. Give m(6).
464
Let t(p) = 2*p**3 + 115*p**2 + 246*p + 29. Determine t(-2).
-19
Let x(q) = 7*q**3 - 18796*q**2 + 2*q - 6. What is x(0)?
-6
Let x(w) = -243984*w + 1463909. What is x(6)?
5
Let d(s) = 213*s + 16002. What is d(-73)?
453
Let w(n) = n**2 - 884*n + 20. Give w(0).
20
Let f(o) = -357*o + 3178. Give f(7).
679
Let v(n) = -2*n**2 - 3625*n - 79348. Determine v(-22).
-566
Let f(x) = -29*x**3 - 27*x**2 - 88*x + 8. What is f(-3)?
812
Let b(c) = 7*c**3 + 59*c**2 + 112*c + 28. Give b(-7).
-266
Let m(w) = -w**3 - 84*w**2 + 1366*w - 568. Give m(-98).
20
Let i(b) = b**3 - 120*b**2 + 2*b - 383. Give i(120).
-143
Let y(l) = -1641*l + 308466. Calculate y(188).
-42
Let q(u) = -u**3 + 1503*u**2 - 111127*u - 32767. Give q(1425).
8
Let a(h) = -h**2 - 144*h + 25910. What is a(114)?
-3502
Let h(i) = 32*i + 5073. Give h(-158).
17
Let y(l) = 48*l**3 + 42*l**2 - l + 18. Calculate y(-4).
-2378
Let t(r) = r**2 + 6*r + 168. Determine t(11).
355
Let a(k) = 2*k**3 - 991*k**2 - 10113*k - 24. Calculate a(-10).
6
Let s(w) = -11*w**3 - 1181*w**2 + 20185*w + 94. Determine s(15).
19
Let h(w) = 2*w**3 + 262*w**2 - 232*w + 2982. Calculate h(-132).
-1242
Let w(h) = -8*h**2 - 94*h + 39. Give w(-14).
-213
Let a(g) = 1738*g - 123359. Give a(71).
39
Let j(m) = -15*m**3 + 2132*m**2 - 252*m - 4495. Determine j(142).
49
Let m(u) = -825*u**3 - 3*u**2 + 3*u + 372. Calculate m(0).
372
Let l(t) = -1095*t + 8752. What is l(8)?
-8
Let t(f) = f**2 + 211*f + 8391. Give t(-166).
921
Let r(c) = 8*c**2 - 402*c + 3893. What is r(14)?
-167
Let b(c) = -202*c**3 + 802*c**2 + 25*c + 1. What is b(4)?
5
Let l(g) = -85*g + 2971. Give l(39).
-344
Let g(v) = -v**2 + 91*v + 47735. What is g(269)?
-147
Let y(b) = 33*b**2 - 3921*b - 725. Calculate y(119).
-11
Let o(c) = 2*c**3 + 11*c**2 - 7972*c - 55652. Determine o(-7).
5
Let v(p) = -p**3 - 63*p**2 + 28*p - 2310. Give v(-64).
-6
Let v(k) = k**3 + 46*k**2 + 1345*k + 81606. What is v(-51)?
6
Let n(o) = 5*o**3 - 1361*o**2 + 315*o - 11705. Calculate n(272).
-9
Let x(s) = -s**3 - 34*s**2 - 13696*s - 510852. Determine x(-37).
7
Let m(i) = 2*i**3 - 1247*i**2 - 27080*i - 260. What is m(-21)?
-29
Let r(j) = -5867*j + 46936. Calculate r(8).
0
Let r(h) = 34891*h - 488480. Give r(14).
-6
Let p(l) = 9*l**2 - 367*l - 109. What is p(42)?
353
Let g(a) = -a**3 - 288*a**2 - 2523*a - 3318. Determine g(-279).
30
Let p(m) = 2*m**2 - 649*m - 78687. Calculate p(-94).
-9
Let l(w) = 290*w - 41274. What is l(144)?
486
Let l(u) = -u**3 + 3*u**2 + 38*u - 60. Give l(-8).
340
Let n(g) = -20*g**2 + 327*g + 121. What is n(20)?
-1339
Let f(t) = 562*t - 1355. What is f(1)?
-793
Let z(a) = 144*a**3 + 6*a**2 + 230*a - 235. Determine z(1).
145
Let u(l) = -l**3 + 221*l**2 + 2342*l + 316. Determine u(-10).
-4
Let g(j) = 243*j**2 - 651*j - 81. Give g(3).
153
Let h(u) = -17*u**2 - 1727*u - 9113. Calculate h(-96).
7
Let u(v) = 8*v**3 - 125*v**2 + 147*v - 1071. Calculate u(15).
9
Let i(q) = -6*q**3 - q**2 - 303*q + 614. What is i(2)?
-44
Let s(h) = -7188*h + 64696. What is s(9)?
4
Let r(f) = -3*f**3 - 591*f**2 - 1749*f - 572. Determine r(-194).
10
Let z(m) = 130*m + 5957. Calculate z(-48).
-283
Let y(n) = 43*n**3 - 5*n**2 - 926*n + 930. Give y(1).
42
Let k(y) = -y**3 + 839*y**2 + 57791*y - 73. Calculate k(-64).
-9
Let l(z) = 8*z**2 + 41*z - 469. Give l(-9).
-190
Let a(z) = -152*z + 11140. Determine a(74).
-108
Let w(p) = 10*p**3 + 89*p**2 + 44*p - 31. What is w(-9)?
-508
Let c(v) = -132597*v + 1060784. Give c(8).
8
Let c(x) = -4*x**3 - 958*x**2 + 1451*x + 1136. Calculate c(-241).
-69
Let w(x) = -x**2 - 2650*x + 3861268. Calculate w(1045).
-7
Let g(z) = -2*z**3 + 25*z**2 + 3917*z + 505. What is g(51)?
-5
Let i(u) = 4*u**3 - 834*u**2 + 7938*u + 29. Calculate i(10).
9
Let k(o) = 3*o**2 - 2123*o + 28467. What is k(694)?
13
Let t(o) = -o**3 + 1419*o**2 + 250900*o - 324. Give t(-159).
-6
Let l(n) = -5*n**2 - 25675*n - 179447. Calculate l(-7).
33
Let q(p) = p**2 + 184*p + 1430. Calculate q(-8).
22
Let j(v) = -9*v**3 + 4965*v**2 - 22974*v + 11. Determine j(547).
11
Let b(m) = -m**3 + 19*m**2 - 5416*m + 74848. Give b(14).
4
Let x(t) = -448*t**3 + 603458*t**2 - 2693*t - 1335. What is x(1347)?
12
Let g(j) = -122*j**2 - 5548*j - 5422. What is g(-1)?
4
Let o(l) = 7*l**3 - 44*l**2 + 50*l + 26. Give o(5).
51
Let m(i) = 567*i + 50211. Give m(-90).
-819
Let i(s) = 1290*s + 163814. Determine i(-127).
-16
Let o(m) = -41*m - 16452. Give o(-400).
-52
Let m(g) = -204931*g + 2049333. What is m(10)?
23
Let j(x) = -862*x - 673. Calculate j(-1).
189
Let j(c) = -c**2 + 1068*c - 47131. Determine j(46).
-119
Let h(i) = -22*i**3 - 117*i**2 - 155*i - 611. Determine h(-5).
-11
Let i(v) = 16*v**2 - 9369*v + 612679. Give i(75).
4
Let i(v) = 6*v**3 + 7*v**2 - 108*v - 237. Calculate i(-3).
-12
Let x(o) = 2*o**3 - 125*o**2 - 385*o + 2465. What is x(65)?
-1435
Let m(y) = -y**2 - 3530*y - 122353. Give m(-35).
-28
Let p(k) = 3*k**3 + 127*k**2 + 387*k - 174. What is p(-39)?
-57
Let c(t) = 5*t**3 - 9*t**2 + 2*t + 70. Determine c(-5).
-790
Let j(b) = 2*b**2 - 590*b + 6656. Determine j(11).
408
Let s(g) = -22*g**2 - 283*g - 964. Give s(-15).
-1669
Let x(d) = -6*d**2 - 268*d + 4813. Calculate x(14).
-115
Let p(w) = 6209*w - 32162. Give p(5).
-1117
Let u(j) = -j**2 - 9902*j - 4694. Give u(0).
-4694
Let o(k) = 1697*k**2 - 61094*k + 82. Give o(36).
10
Let q(c) = 6377*c - 32038. Calculate q(5).
-153
Let t(i) = 8145*i - 73312. Calculate t(9).
-7
Let i(x) = 107316*x + 858525. What is i(-8)?
-3
Let s(c) = 21954*c + 175626. Determine s(-8).
-6
Let c(t) = -t**3 - 60*t**2 - 273*t - 38862. Give c(-65).
8
Let y(h) = h**3 + 27*h**2 - 1386*h - 912. Determine y(-53).
-488
Let g(k) = -27229*k + 21075252. Give g(774).
6
Let t(c) = -1690090*c - 5070277. Give t(-3).
-7
Let c(u) = -9436*u + 18851. What is c(2)?
-21
Let v(x) = -x**3 + 57*x**2 - 961*x + 7371. What is v(36)?
-9
Let q(s) = s**3 + 14*s**2 - 1155*s - 17242. 